{"id":551,"date":"2024-10-08T21:07:22","date_gmt":"2024-10-08T21:07:22","guid":{"rendered":"https:\/\/projepartneri.com\/?page_id=551"},"modified":"2024-10-25T07:45:08","modified_gmt":"2024-10-25T07:45:08","slug":"erasmus-erasmus","status":"publish","type":"page","link":"https:\/\/projepartneri.com\/?page_id=551","title":{"rendered":"Erasmus + Erasmus"},"content":{"rendered":"\t\t<div data-elementor-type=\"wp-page\" data-elementor-id=\"551\" class=\"elementor elementor-551\">\n\t\t\t\t\t\t<section class=\"elementor-section elementor-top-section elementor-element elementor-element-5c98e75d elementor-section-boxed elementor-section-height-default elementor-section-height-default\" data-id=\"5c98e75d\" data-element_type=\"section\">\n\t\t\t\t\t\t<div class=\"elementor-container elementor-column-gap-default\">\n\t\t\t\t\t<div class=\"elementor-column elementor-col-50 elementor-top-column elementor-element elementor-element-5f097f78\" data-id=\"5f097f78\" data-element_type=\"column\">\n\t\t\t<div class=\"elementor-widget-wrap elementor-element-populated\">\n\t\t\t\t\t\t<div class=\"elementor-element elementor-element-2e01f1ff elementor-widget elementor-widget-gva-image-content\" data-id=\"2e01f1ff\" data-element_type=\"widget\" data-widget_type=\"gva-image-content.default\">\n\t\t\t\t<div class=\"elementor-widget-container\">\n\t\t\t\t\t<div class=\"gva-element-gva-image-content gva-element\">\t\t\r\n\t  \r\n\t \r\n\r\n\t \r\n\r\n\t \r\n\r\n\t\t\t<div class=\"about-four__single\">\r\n\t\t\t<div class=\"about-four__wrap\">\r\n\t\t\t  \t<div class=\"about-four__left\"><div class=\"about-four__image-second\"><div class=\"content-inner\">\t\t  <a href=\"https:\/\/gaviaspreview.com\/wp\/qizon\/about\/\">\r\n\t\t\t <img decoding=\"async\" src=\"https:\/\/gaviaspreview.com\/wp\/qizon\/wp-content\/uploads\/2022\/12\/image-07.jpg\" alt=\"\" \/>\t\t  <\/a>\r\n\t\t  <\/div><\/div><\/div><div class=\"about-four__right\"><div class=\"about-four__image\"><div class=\"content-inner\">\t\t  <a href=\"https:\/\/gaviaspreview.com\/wp\/qizon\/about\/\">\r\n\t\t\t <img decoding=\"async\" src=\"https:\/\/gaviaspreview.com\/wp\/qizon\/wp-content\/uploads\/2022\/12\/image-06.jpg\" alt=\"\" \/>\t\t  <\/a>\r\n\t\t  <\/div><\/div><\/div>\t\t\t<\/div>\t\r\n\t\t<\/div>\r\n\t \r\n  \r\n \r\n\r\n  \r\n \r\n\r\n <\/div>\t\t\t\t<\/div>\n\t\t\t\t<\/div>\n\t\t\t\t<div class=\"elementor-element elementor-element-4d83fd4a elementor-widget elementor-widget-text-editor\" data-id=\"4d83fd4a\" data-element_type=\"widget\" data-widget_type=\"text-editor.default\">\n\t\t\t\t<div class=\"elementor-widget-container\">\n\t\t\t\t\t\t\t\t\t<div class=\"main-content\"><div class=\"sfContentBlock\"><div class=\"main-content\"><div class=\"sfContentBlock\"><h4>Ana Eylem 2 \u2013 Yenilik ve \u0130yi Uygulama De\u011fi\u015fimi i\u00e7in \u0130\u015fbirli\u011fi (KA2) alt\u0131nda yer alan<\/h4><ul><li><a class=\"no-icon link\" href=\"http:\/\/www.ua.gov.tr\/programlar\/erasmus-program%C4%B1\/erasmus-program%C4%B1\/stratejik-ortakliklar-(ka2)\" target=\"_blank\" rel=\"noopener\">\u00a0 \u00a0 Stratejik Ortakl\u0131klar<\/a>\u00a0(Ba\u015fvurular Ba\u015fkanl\u0131\u011f\u0131m\u0131za yap\u0131lmaktad\u0131r)<\/li><\/ul><ul><li><a class=\"no-icon link\" href=\"http:\/\/www.ua.gov.tr\/programlar\/erasmus-program%C4%B1\/merkezi-faaliyetler\/bilgi-ortakl%C4%B1klar%C4%B1\" target=\"_blank\" rel=\"noopener\">\u00a0 \u00a0 Bilgi Ortakl\u0131klar\u0131<\/a>\u00a0(Ba\u015fvurular Komisyon Y\u00fcr\u00fctme Ajans\u0131na yap\u0131lmaktad\u0131r)<\/li><\/ul><h4>\u00d6zel Eylem<\/h4><ul><li><a class=\"no-icon link\" href=\"http:\/\/www.ua.gov.tr\/programlar\/erasmus-program%C4%B1\/merkezi-faaliyetler\/jean-monnet\" target=\"_blank\" rel=\"noopener\">\u00a0 \u00a0 Jean Monnet<\/a>\u00a0(Ba\u015fvurular Komisyon Y\u00fcr\u00fctme Ajans\u0131na yap\u0131lmaktad\u0131r)<\/li><\/ul><h3>Erasmus+ Program\u0131 Temel Belgeler<\/h3><p dir=\"ltr\"><a class=\"link\" href=\"http:\/\/new.eur-lex.europa.eu\/legal-content\/EN\/TXT\/?uri=uriserv:OJ.C_.2013.362.01.0062.01.ENG\" target=\"_blank\" rel=\"noopener\">Erasmus+ Teklif \u00c7a\u011fr\u0131s\u0131<\/a><\/p><p><a class=\"link\" href=\"http:\/\/www.ua.gov.tr\/programlar\/teklif-%C3%A7a%C4%9Fr%C4%B1lar%C4%B1\" target=\"_blank\" rel=\"noopener\">Erasmus+ Program Rehberi (T\u00fcrk\u00e7e)<\/a><\/p><p><a class=\"link\" href=\"http:\/\/www.ua.gov.tr\/programlar\/teklif-%C3%A7a%C4%9Fr%C4%B1lar%C4%B1\" target=\"_blank\" rel=\"noopener\">Erasmus+ Program Rehberi (\u0130ngilizce)<\/a><\/p><p><a class=\"link\" href=\"http:\/\/ec.europa.eu\/programmes\/erasmus-plus\/documents\/form\/higher_education_student_staff_mobility_en.pdf\" target=\"_blank\" rel=\"noopener\">Y\u00fcksek\u00f6\u011fretim \u00d6\u011frenci ve Personelinin \u00d6\u011frenme Hareketlili\u011fi Taslak Ba\u015fvuru Formu<\/a><\/p><p><a class=\"link\" href=\"http:\/\/ec.europa.eu\/programmes\/erasmus-plus\/documents\/form\/strategic_partnerships_higher_education_en.pdf\" target=\"_blank\" rel=\"noopener\">Y\u00fcksek\u00f6\u011fretim Alan\u0131nda Stratejik Ortakl\u0131klar Taslak Ba\u015fvuru Formu<\/a><\/p><p>\u00d6nemli not: Erasmus+ program\u0131n\u0131n t\u00fcm ba\u015fvuru formlar\u0131 taslak olarak\u00a0<a class=\"no-icon link\" href=\"http:\/\/ec.europa.eu\/programmes\/erasmus-plus\/index_en.htm\" target=\"_blank\" rel=\"noopener\">Avrupa Komisyonu Erasmus+ Program\u0131 resmi web sayfas\u0131<\/a>nda yay\u0131nlanmaktad\u0131r. L\u00fctfen sayfam\u0131z\u0131 takip etmeye devam ediniz.<\/p><\/div><\/div><p>Bu sayfadaki bilgiler T\u00fcrkiye Ulusal Ajans\u0131 Resmi Web Sitesinden al\u0131nm\u0131\u015ft\u0131r. Daha ayr\u0131nt\u0131l\u0131 bilgi i\u00e7in<a href=\"http:\/\/www.ua.gov.tr\/programlar\/erasmus-program%C4%B1\/erasmus-program%C4%B1\" target=\"_blank\" rel=\"noopener\">\u00a0adresini\u00a0<\/a>ziyaret edebilirsiniz.<\/p><\/div><\/div>\t\t\t\t\t\t\t\t<\/div>\n\t\t\t\t<\/div>\n\t\t\t\t\t<\/div>\n\t\t<\/div>\n\t\t\t\t<div class=\"elementor-column elementor-col-50 elementor-top-column elementor-element elementor-element-5a4fba51\" data-id=\"5a4fba51\" data-element_type=\"column\">\n\t\t\t<div class=\"elementor-widget-wrap elementor-element-populated\">\n\t\t\t\t\t\t<div class=\"elementor-element elementor-element-44a69e02 elementor-widget elementor-widget-text-editor\" data-id=\"44a69e02\" data-element_type=\"widget\" data-widget_type=\"text-editor.default\">\n\t\t\t\t<div class=\"elementor-widget-container\">\n\t\t\t\t\t\t\t\t\t<h2>Erasmus + Erasmus Program\u0131<\/h2>\t\t\t\t\t\t\t\t<\/div>\n\t\t\t\t<\/div>\n\t\t\t\t<div class=\"elementor-element elementor-element-18624ffa elementor-widget elementor-widget-text-editor\" data-id=\"18624ffa\" data-element_type=\"widget\" data-widget_type=\"text-editor.default\">\n\t\t\t\t<div class=\"elementor-widget-container\">\n\t\t\t\t\t\t\t\t\t<div class=\"main-content\"><div class=\"sfContentBlock\"><div class=\"main-content\"><p><strong>Erasmus+ Program\u0131 (Y\u00fcksek\u00f6\u011fretim Alan\u0131nda Erasmus+) Nedir?<\/strong><\/p><p>Erasmus+ Program\u0131, Avrupa Birli\u011fi taraf\u0131ndan 2021-2027 y\u0131llar\u0131 aras\u0131nda y\u00fcr\u00fct\u00fclen ve e\u011fitim, gen\u00e7lik ve spor alanlar\u0131ndaki yeni ihtiya\u00e7lara yan\u0131t veren bir inisiyatiftir. Program, e\u011fitim alan\u0131nda sa\u011flanan hibe desteklerini kapsamaktad\u0131r ve 2021&#8217;de ba\u015flat\u0131lan bu yeni d\u00f6nem, 26.2 milyar euro b\u00fct\u00e7eye sahiptir; bu da \u00f6nceki d\u00f6neme g\u00f6re \u00f6nemli bir art\u0131\u015ft\u0131r.<\/p><p>Erasmus+ Program\u0131&#8217;n\u0131n amac\u0131, e\u011fitimde kaliteyi art\u0131rmak, \u00fcniversitelerin birbirleriyle ve i\u015f d\u00fcnyas\u0131yla i\u015fbirli\u011fini g\u00fc\u00e7lendirmektir. \u00d6zellikle \u00f6\u011frenci ve personel hareketlili\u011fi ile stratejik ortakl\u0131klar\u0131n kurulmas\u0131 gibi faaliyetler desteklenmektedir. Program, daha kapsay\u0131c\u0131, dijital ve \u00e7evre dostu bir yakla\u015f\u0131m benimsemekte ve farkl\u0131 sekt\u00f6rler aras\u0131nda i\u015fbirli\u011fini te\u015fvik etmektedir.<\/p><p>Erasmus+ Program\u0131&#8217;n\u0131n hedef kitlesi, y\u00fcksek\u00f6\u011fretime dahil olan kurum ve kurulu\u015flar ile bu kurumlar\u0131n \u00e7al\u0131\u015fanlar\u0131 ve \u00f6\u011frencilerini kapsamaktad\u0131r. Ba\u015fvurular yaln\u0131zca kurum ve kurulu\u015flar taraf\u0131ndan yap\u0131lmakta olup, bireysel ba\u015fvurular kabul edilmemektedir. Proje t\u00fcr\u00fcne g\u00f6re ba\u015fvurular, ilgili birimlere y\u00f6nlendirilmektedir.<\/p><p>Erasmus+ Program\u0131 alt\u0131nda y\u00fcksek\u00f6\u011fretim alan\u0131nda hibe deste\u011fi sa\u011flanan faaliyetler hakk\u0131nda detayl\u0131 bilgi almak i\u00e7in program\u0131n resmi web sitesini ziyaret edebilirsiniz.<\/p><div class=\"sfContentBlock\"><h4>Ana Eylem 1 \u2013 Bireylerin \u00d6\u011frenme Hareketlili\u011fi (KA1) alt\u0131nda yer alan<\/h4><ul><li><a class=\"no-icon link\" href=\"http:\/\/www.ua.gov.tr\/programlar\/erasmus-program%C4%B1\/erasmus-program%C4%B1\/%C3%B6%C4%9Frenme-hareketlili%C4%9Fi\" target=\"_blank\" rel=\"noopener\">\u00a0 \u00a0 Y\u00fcksek\u00f6\u011fretim \u00d6\u011frenci ve Personelinin \u00d6\u011frenme Hareketlili\u011fi<\/a>\u00a0(Ba\u015fvurular Ba\u015fkanl\u0131\u011f\u0131m\u0131za yap\u0131lmaktad\u0131r)<\/li><\/ul><ul><li><a class=\"no-icon link\" href=\"http:\/\/www.ua.gov.tr\/programlar\/erasmus-program%C4%B1\/erasmus-program%C4%B1\/erasmus-program%C4%B1-ek-sayfalar\/ortak-y%C3%BCksek-lisans-dereceleri\" target=\"_blank\" rel=\"noopener\">\u00a0 \u00a0 Ortak Y\u00fcksek Lisans Dereceleri<\/a>\u00a0(Ba\u015fvurular Komisyon Y\u00fcr\u00fctme Ajans\u0131na yap\u0131lmaktad\u0131r)<\/li><\/ul><ul><li><a class=\"no-icon link\" href=\"http:\/\/www.ua.gov.tr\/programlar\/erasmus-program%C4%B1\/erasmus-program%C4%B1\/erasmus-program%C4%B1-ek-sayfalar\/y%C3%BCksek-lisans-%C3%B6%C4%9Frencileri-kredi-garantisi\" target=\"_blank\" rel=\"noopener\">\u00a0 \u00a0 Y\u00fcksek Lisans \u00d6\u011frencileri \u0130\u00e7in Kredi Garantisi<\/a>\u00a0(Ba\u015fvurular Komisyon Y\u00fcr\u00fctme Ajans\u0131na yap\u0131lmaktad\u0131r)<\/li><\/ul><\/div><\/div><\/div><\/div>\t\t\t\t\t\t\t\t<\/div>\n\t\t\t\t<\/div>\n\t\t\t\t\t<\/div>\n\t\t<\/div>\n\t\t\t\t\t<\/div>\n\t\t<\/section>\n\t\t\t\t<\/div>\n\t\t","protected":false},"excerpt":{"rendered":"<p>Ana Eylem 2 \u2013 Yenilik ve \u0130yi Uygulama De\u011fi\u015fimi i\u00e7in \u0130\u015fbirli\u011fi (KA2) alt\u0131nda yer alan \u00a0 \u00a0 Stratejik Ortakl\u0131klar\u00a0(Ba\u015fvurular Ba\u015fkanl\u0131\u011f\u0131m\u0131za yap\u0131lmaktad\u0131r) \u00a0 \u00a0 Bilgi Ortakl\u0131klar\u0131\u00a0(Ba\u015fvurular Komisyon Y\u00fcr\u00fctme Ajans\u0131na yap\u0131lmaktad\u0131r) \u00d6zel [&hellip;]<\/p>\n","protected":false},"author":1,"featured_media":0,"parent":0,"menu_order":0,"comment_status":"closed","ping_status":"closed","template":"","meta":{"footnotes":""},"class_list":["post-551","page","type-page","status-publish","hentry"],"wpcf_dashboard":"<div class=\"woocommerce\"><div class=\"woocommerce-info\">Please log in first? <a class=\"wpneoShowLogin\" href=\"#\">Click here to login<\/a><\/div><div class=\"wpneo_login_form_div\" style=\"display: none;\"><form name=\"loginform\" id=\"loginform\" action=\"https:\/\/projepartneri.com\/wp-login.php\" method=\"post\"><p class=\"login-username\">\n\t\t\t\t<label for=\"user_login\">Kullan\u0131c\u0131 ad\u0131 ya da e-posta adresi<\/label>\n\t\t\t\t<input type=\"text\" name=\"log\" id=\"user_login\" autocomplete=\"username\" class=\"input\" value=\"\" size=\"20\" \/>\n\t\t\t<\/p><p class=\"login-password\">\n\t\t\t\t<label for=\"user_pass\">Parola<\/label>\n\t\t\t\t<input type=\"password\" name=\"pwd\" id=\"user_pass\" autocomplete=\"current-password\" spellcheck=\"false\" class=\"input\" value=\"\" size=\"20\" \/>\n\t\t\t<\/p><p class=\"login-remember\"><label><input name=\"rememberme\" type=\"checkbox\" id=\"rememberme\" value=\"forever\" \/> Beni hat\u0131rla<\/label><\/p><p class=\"login-submit\">\n\t\t\t\t<input type=\"submit\" name=\"wp-submit\" id=\"wp-submit\" class=\"button button-primary\" value=\"Oturum a\u00e7\" \/>\n\t\t\t\t<input type=\"hidden\" name=\"redirect_to\" value=\"https:\/\/projepartneri.com\/index.php?rest_route=%2Fwp%2Fv2%2Fpages%2F551\" \/>\n\t\t\t<\/p><\/form><\/div><\/div>","_links":{"self":[{"href":"https:\/\/projepartneri.com\/index.php?rest_route=\/wp\/v2\/pages\/551","targetHints":{"allow":["GET"]}}],"collection":[{"href":"https:\/\/projepartneri.com\/index.php?rest_route=\/wp\/v2\/pages"}],"about":[{"href":"https:\/\/projepartneri.com\/index.php?rest_route=\/wp\/v2\/types\/page"}],"author":[{"embeddable":true,"href":"https:\/\/projepartneri.com\/index.php?rest_route=\/wp\/v2\/users\/1"}],"replies":[{"embeddable":true,"href":"https:\/\/projepartneri.com\/index.php?rest_route=%2Fwp%2Fv2%2Fcomments&post=551"}],"version-history":[{"count":10,"href":"https:\/\/projepartneri.com\/index.php?rest_route=\/wp\/v2\/pages\/551\/revisions"}],"predecessor-version":[{"id":782,"href":"https:\/\/projepartneri.com\/index.php?rest_route=\/wp\/v2\/pages\/551\/revisions\/782"}],"wp:attachment":[{"href":"https:\/\/projepartneri.com\/index.php?rest_route=%2Fwp%2Fv2%2Fmedia&parent=551"}],"curies":[{"name":"wp","href":"https:\/\/api.w.org\/{rel}","templated":true}]}}