{"id":558,"date":"2024-10-08T21:11:28","date_gmt":"2024-10-08T21:11:28","guid":{"rendered":"https:\/\/projepartneri.com\/?page_id=558"},"modified":"2024-10-25T07:48:16","modified_gmt":"2024-10-25T07:48:16","slug":"erasmus-leonardo-da-vinci-programi","status":"publish","type":"page","link":"https:\/\/projepartneri.com\/?page_id=558","title":{"rendered":"Erasmus + Leonardo da Vinci Program\u0131"},"content":{"rendered":"\t\t<div data-elementor-type=\"wp-page\" data-elementor-id=\"558\" class=\"elementor elementor-558\">\n\t\t\t\t\t\t<section class=\"elementor-section elementor-top-section elementor-element elementor-element-25b02e40 elementor-section-boxed elementor-section-height-default elementor-section-height-default\" data-id=\"25b02e40\" data-element_type=\"section\">\n\t\t\t\t\t\t<div class=\"elementor-container elementor-column-gap-default\">\n\t\t\t\t\t<div class=\"elementor-column elementor-col-50 elementor-top-column elementor-element elementor-element-4e44edb6\" data-id=\"4e44edb6\" data-element_type=\"column\">\n\t\t\t<div class=\"elementor-widget-wrap elementor-element-populated\">\n\t\t\t\t\t\t<div class=\"elementor-element elementor-element-712bfed4 elementor-widget elementor-widget-gva-image-content\" data-id=\"712bfed4\" data-element_type=\"widget\" data-widget_type=\"gva-image-content.default\">\n\t\t\t\t<div class=\"elementor-widget-container\">\n\t\t\t\t\t<div class=\"gva-element-gva-image-content gva-element\">\t\t\r\n\t  \r\n\t \r\n\r\n\t \r\n\r\n\t \r\n\r\n\t\t\t<div class=\"about-four__single\">\r\n\t\t\t<div class=\"about-four__wrap\">\r\n\t\t\t  \t<div class=\"about-four__left\"><div class=\"about-four__image-second\"><div class=\"content-inner\">\t\t  <a href=\"https:\/\/gaviaspreview.com\/wp\/qizon\/about\/\">\r\n\t\t\t <img decoding=\"async\" src=\"https:\/\/gaviaspreview.com\/wp\/qizon\/wp-content\/uploads\/2022\/12\/image-07.jpg\" alt=\"\" \/>\t\t  <\/a>\r\n\t\t  <\/div><\/div><\/div><div class=\"about-four__right\"><div class=\"about-four__image\"><div class=\"content-inner\">\t\t  <a href=\"https:\/\/gaviaspreview.com\/wp\/qizon\/about\/\">\r\n\t\t\t <img decoding=\"async\" src=\"https:\/\/gaviaspreview.com\/wp\/qizon\/wp-content\/uploads\/2022\/12\/image-06.jpg\" alt=\"\" \/>\t\t  <\/a>\r\n\t\t  <\/div><\/div><\/div>\t\t\t<\/div>\t\r\n\t\t<\/div>\r\n\t \r\n  \r\n \r\n\r\n  \r\n \r\n\r\n <\/div>\t\t\t\t<\/div>\n\t\t\t\t<\/div>\n\t\t\t\t<div class=\"elementor-element elementor-element-23fffd2 elementor-widget elementor-widget-text-editor\" data-id=\"23fffd2\" data-element_type=\"widget\" data-widget_type=\"text-editor.default\">\n\t\t\t\t<div class=\"elementor-widget-container\">\n\t\t\t\t\t\t\t\t\t<div class=\"main-content\"><div class=\"sfContentBlock\"><h3>Erasmus+ Program\u0131 Temel Belgeler<\/h3><p><a class=\"link\" href=\"http:\/\/new.eur-lex.europa.eu\/legal-content\/EN\/TXT\/?uri=uriserv:OJ.C_.2013.362.01.0062.01.ENG\" target=\"_blank\" rel=\"noopener\">Erasmus+ Teklif \u00c7a\u011fr\u0131s\u0131<\/a><\/p><p><a class=\"link\" href=\"http:\/\/projepartneri.com\/programlar\/teklif-%C3%A7a%C4%9Fr%C4%B1lar%C4%B1\" target=\"_blank\" rel=\"noopener\">Erasmus+ Program Rehberi (T\u00fcrk\u00e7e)<\/a><\/p><p><a class=\"link\" href=\"http:\/\/ec.europa.eu\/programmes\/erasmus-plus\/documents\/erasmus-plus-programme-guide_en.pdf\" target=\"_blank\" rel=\"noopener\">Erasmus+ Program Rehberi (\u0130ngilizce)<\/a><\/p><p><a class=\"link\" href=\"http:\/\/ec.europa.eu\/programmes\/erasmus-plus\/documents\/form\/vet_learner_staff_mobility_en.pdf\" target=\"_blank\" rel=\"noopener\">Taslak Ba\u015fvuru Formu \u2013\u00a0Mesleki E\u011fitim \u00d6\u011frenici ve Personel Hareketlili\u011fi \u00a0(KA1)<\/a><\/p><p><a class=\"link\" href=\"http:\/\/ec.europa.eu\/programmes\/erasmus-plus\/documents\/form\/strategic_partnerships_vet_en.pdf\" target=\"_blank\" rel=\"noopener\">Taslak Ba\u015fvuru Formu\u00a0\u2013 Mesleki E\u011fitim Stratejik Ortakl\u0131klar \u00a0(KA2)<\/a><\/p><p><strong>\u00d6nemli Not:<\/strong>\u00a0Erasmus+ Program\u0131n\u0131n t\u00fcm ba\u015fvuru formlar\u0131 taslak olarak\u00a0<a class=\"no-icon link\" href=\"http:\/\/ec.europa.eu\/programmes\/erasmus-plus\/index_en.htm\" target=\"_blank\" rel=\"noopener\">Avrupa Komisyonu Erasmus Program\u0131 resmi web sayfas\u0131nda\u00a0<\/a>yay\u0131nlanmaktad\u0131r. L\u00fctfen sayfam\u0131z\u0131 takip etmeye devam ediniz. Bu sayfadaki bilgiler T\u00fcrkiye Ulusal Ajans\u0131 Resmi Web Sitesinden al\u0131nm\u0131\u015ft\u0131r. Daha ayr\u0131nt\u0131l\u0131 bilgi i\u00e7in\u00a0<a href=\"http:\/\/www.ua.gov.tr\/programlar\/erasmus-program%C4%B1\/leonardo-da-vinci-program%C4%B1\" target=\"_blank\" rel=\"noopener\">ziyaret\u00a0<\/a>edebilirsiniz.<\/p><\/div><\/div>\t\t\t\t\t\t\t\t<\/div>\n\t\t\t\t<\/div>\n\t\t\t\t\t<\/div>\n\t\t<\/div>\n\t\t\t\t<div class=\"elementor-column elementor-col-50 elementor-top-column elementor-element elementor-element-2eb139cb\" data-id=\"2eb139cb\" data-element_type=\"column\">\n\t\t\t<div class=\"elementor-widget-wrap elementor-element-populated\">\n\t\t\t\t\t\t<div class=\"elementor-element elementor-element-6bf8f2eb elementor-widget elementor-widget-text-editor\" data-id=\"6bf8f2eb\" data-element_type=\"widget\" data-widget_type=\"text-editor.default\">\n\t\t\t\t<div class=\"elementor-widget-container\">\n\t\t\t\t\t\t\t\t\t<div class=\"main-content\"><div class=\"sfContentBlock\"><p><strong>Erasmus+ Program\u0131 ve Mesleki E\u011fitim Alan\u0131ndaki Destekler<\/strong><\/p><p>Avrupa Birli\u011fi Komisyonu, 2021-2027 y\u0131llar\u0131 aras\u0131nda y\u00fcr\u00fct\u00fclecek Erasmus+ Program\u0131 kapsam\u0131nda mesleki e\u011fitim alan\u0131nda sa\u011flanan hibe desteklerini \u00f6nemli \u00f6l\u00e7\u00fcde art\u0131rmay\u0131 hedeflemektedir. 2007-2013 y\u0131llar\u0131 aras\u0131nda uygulanan Hayatboyu \u00d6\u011frenme Program\u0131&#8217;n\u0131n devam\u0131 niteli\u011findeki bu yeni program, e\u011fitim, gen\u00e7lik ve spor alanlar\u0131ndaki ihtiya\u00e7lara yan\u0131t vermek amac\u0131yla daha etkili i\u015fbirlikleri olu\u015fturmay\u0131 hedeflemektedir.<\/p><p>Erasmus+ Program\u0131, mesleki e\u011fitim ve \u00f6\u011fretim alan\u0131nda, \u00f6\u011frenim g\u00f6ren bireylerin istihdam edilebilirliklerini art\u0131rmay\u0131, becerilerini geli\u015ftirmeyi ve Avrupa ekonomisinin rekabet g\u00fcc\u00fcn\u00fc art\u0131rmay\u0131 ama\u00e7lamaktad\u0131r. Bu \u00e7er\u00e7evede, mesleki e\u011fitimde Avrupa d\u00fczeyinde g\u00fc\u00e7lendirilmi\u015f i\u015fbirli\u011fi ve kalite g\u00fcvencesi sa\u011flamak i\u00e7in \u00e7e\u015fitli faaliyetler desteklenmektedir.<\/p><p>Program kapsam\u0131ndaki ba\u015fvurular yaln\u0131zca kurum ve kurulu\u015flar taraf\u0131ndan yap\u0131labilmekte olup, bireysel ba\u015fvurular kabul edilmemektedir. Ba\u015fvurular, proje t\u00fcr\u00fcne g\u00f6re Avrupa Komisyonu&#8217;nun ilgili birimlerine y\u00f6nlendirilir.<\/p><p>Erasmus+ Program\u0131 alt\u0131nda mesleki e\u011fitim alan\u0131nda sa\u011flanan hibe destekleri ve faaliyetler hakk\u0131nda daha fazla bilgi almak i\u00e7in <a href=\"https:\/\/ec.europa.eu\/programmes\/erasmus-plus\/\" target=\"_new\" rel=\"noopener\">Erasmus+ resmi web sitesini<\/a> ziyaret edebilirsiniz.<\/p><ul><li><h4>Ana Eylem 1 \u2013 Bireylerin \u00d6\u011frenme Hareketlili\u011fi (KA1) alt\u0131nda yer alan<\/h4><\/li><\/ul><ul><li><a class=\"no-icon link\" title=\"Hareketlilik\" href=\"http:\/\/www.ua.gov.tr\/programlar\/erasmus-program%C4%B1\/leonardo-da-vinci-program%C4%B1\/%C3%B6%C4%9Frenme-hareketlili%C4%9Fi\" target=\"_blank\" rel=\"noopener\">\u00a0 \u00a0 Mesleki E\u011fitim \u00d6\u011frenici ve Personelinin \u00d6\u011frenme Hareketlili\u011fi<\/a>\u00a0(Ba\u015fvurular Ba\u015fkanl\u0131\u011f\u0131m\u0131za yap\u0131lmaktad\u0131r)<\/li><\/ul><ul><li><h4>Ana Eylem 2 \u2013 Yenilik ve \u0130yi Uygulama De\u011fi\u015fimi i\u00e7in \u0130\u015fbirli\u011fi (KA2) alt\u0131nda yer alan<\/h4><\/li><\/ul><ul><li><a class=\"no-icon link\" tabindex=\"0\" title=\"Stratejik Ortakl\u0131klar\" href=\"http:\/\/www.ua.gov.tr\/programlar\/erasmus-program%C4%B1\/leonardo-da-vinci-program%C4%B1\/stratejik-ortakl%C4%B1klar\" target=\"_blank\" rel=\"noopener\">\u00a0 \u00a0 Stratejik Ortakl\u0131klar<\/a>\u00a0(Ba\u015fvurular Ba\u015fkanl\u0131\u011f\u0131m\u0131za yap\u0131lmaktad\u0131r)<\/li><\/ul><ul><li><a href=\"http:\/\/www.ua.gov.tr\/programlar\/erasmus-program%C4%B1\/merkezi-faaliyetler\/sekt%C3%B6rel-beceri-ortakl%C4%B1klar%C4%B1\" target=\"_blank\" rel=\"noopener\">\u00a0 \u00a0 Sekt\u00f6rel Beceri Ortakl\u0131klar\u0131<\/a>\u00a0(Ba\u015fvurular Komisyon Y\u00fcr\u00fctme Ajans\u0131na yap\u0131lmaktad\u0131r)<\/li><\/ul><\/div><\/div>\t\t\t\t\t\t\t\t<\/div>\n\t\t\t\t<\/div>\n\t\t\t\t\t<\/div>\n\t\t<\/div>\n\t\t\t\t\t<\/div>\n\t\t<\/section>\n\t\t\t\t<\/div>\n\t\t","protected":false},"excerpt":{"rendered":"<p>Erasmus+ Program\u0131 Temel Belgeler Erasmus+ Teklif \u00c7a\u011fr\u0131s\u0131 Erasmus+ Program Rehberi (T\u00fcrk\u00e7e) Erasmus+ Program Rehberi (\u0130ngilizce) Taslak Ba\u015fvuru Formu \u2013\u00a0Mesleki E\u011fitim \u00d6\u011frenici ve Personel Hareketlili\u011fi \u00a0(KA1) Taslak Ba\u015fvuru Formu\u00a0\u2013 Mesleki E\u011fitim [&hellip;]<\/p>\n","protected":false},"author":1,"featured_media":0,"parent":0,"menu_order":0,"comment_status":"closed","ping_status":"closed","template":"","meta":{"footnotes":""},"class_list":["post-558","page","type-page","status-publish","hentry"],"wpcf_dashboard":"<div class=\"woocommerce\"><div class=\"woocommerce-info\">Please log in first? <a class=\"wpneoShowLogin\" href=\"#\">Click here to login<\/a><\/div><div class=\"wpneo_login_form_div\" style=\"display: none;\"><form name=\"loginform\" id=\"loginform\" action=\"https:\/\/projepartneri.com\/wp-login.php\" method=\"post\"><p class=\"login-username\">\n\t\t\t\t<label for=\"user_login\">Kullan\u0131c\u0131 ad\u0131 ya da e-posta adresi<\/label>\n\t\t\t\t<input type=\"text\" name=\"log\" id=\"user_login\" autocomplete=\"username\" class=\"input\" value=\"\" size=\"20\" \/>\n\t\t\t<\/p><p class=\"login-password\">\n\t\t\t\t<label for=\"user_pass\">Parola<\/label>\n\t\t\t\t<input type=\"password\" name=\"pwd\" id=\"user_pass\" autocomplete=\"current-password\" spellcheck=\"false\" class=\"input\" value=\"\" size=\"20\" \/>\n\t\t\t<\/p><p class=\"login-remember\"><label><input name=\"rememberme\" type=\"checkbox\" id=\"rememberme\" value=\"forever\" \/> Beni hat\u0131rla<\/label><\/p><p class=\"login-submit\">\n\t\t\t\t<input type=\"submit\" name=\"wp-submit\" id=\"wp-submit\" class=\"button button-primary\" value=\"Oturum a\u00e7\" \/>\n\t\t\t\t<input type=\"hidden\" name=\"redirect_to\" value=\"https:\/\/projepartneri.com\/index.php?rest_route=%2Fwp%2Fv2%2Fpages%2F558\" \/>\n\t\t\t<\/p><\/form><\/div><\/div>","_links":{"self":[{"href":"https:\/\/projepartneri.com\/index.php?rest_route=\/wp\/v2\/pages\/558","targetHints":{"allow":["GET"]}}],"collection":[{"href":"https:\/\/projepartneri.com\/index.php?rest_route=\/wp\/v2\/pages"}],"about":[{"href":"https:\/\/projepartneri.com\/index.php?rest_route=\/wp\/v2\/types\/page"}],"author":[{"embeddable":true,"href":"https:\/\/projepartneri.com\/index.php?rest_route=\/wp\/v2\/users\/1"}],"replies":[{"embeddable":true,"href":"https:\/\/projepartneri.com\/index.php?rest_route=%2Fwp%2Fv2%2Fcomments&post=558"}],"version-history":[{"count":7,"href":"https:\/\/projepartneri.com\/index.php?rest_route=\/wp\/v2\/pages\/558\/revisions"}],"predecessor-version":[{"id":785,"href":"https:\/\/projepartneri.com\/index.php?rest_route=\/wp\/v2\/pages\/558\/revisions\/785"}],"wp:attachment":[{"href":"https:\/\/projepartneri.com\/index.php?rest_route=%2Fwp%2Fv2%2Fmedia&parent=558"}],"curies":[{"name":"wp","href":"https:\/\/api.w.org\/{rel}","templated":true}]}}