{"id":565,"date":"2024-10-08T21:24:32","date_gmt":"2024-10-08T21:24:32","guid":{"rendered":"https:\/\/projepartneri.com\/?page_id=565"},"modified":"2024-10-25T07:53:28","modified_gmt":"2024-10-25T07:53:28","slug":"erasmus-genclik-programi","status":"publish","type":"page","link":"https:\/\/projepartneri.com\/?page_id=565","title":{"rendered":"Erasmus + Gen\u00e7lik Program\u0131"},"content":{"rendered":"\t\t<div data-elementor-type=\"wp-page\" data-elementor-id=\"565\" class=\"elementor elementor-565\">\n\t\t\t\t\t\t<section class=\"elementor-section elementor-top-section elementor-element elementor-element-54fd06b7 elementor-section-boxed elementor-section-height-default elementor-section-height-default\" data-id=\"54fd06b7\" data-element_type=\"section\">\n\t\t\t\t\t\t<div class=\"elementor-container elementor-column-gap-default\">\n\t\t\t\t\t<div class=\"elementor-column elementor-col-50 elementor-top-column elementor-element elementor-element-1a509c2c\" data-id=\"1a509c2c\" data-element_type=\"column\">\n\t\t\t<div class=\"elementor-widget-wrap elementor-element-populated\">\n\t\t\t\t\t\t<div class=\"elementor-element elementor-element-51c7bc5d elementor-widget elementor-widget-gva-image-content\" data-id=\"51c7bc5d\" data-element_type=\"widget\" data-widget_type=\"gva-image-content.default\">\n\t\t\t\t<div class=\"elementor-widget-container\">\n\t\t\t\t\t<div class=\"gva-element-gva-image-content gva-element\">\t\t\r\n\t  \r\n\t \r\n\r\n\t \r\n\r\n\t \r\n\r\n\t\t\t<div class=\"about-four__single\">\r\n\t\t\t<div class=\"about-four__wrap\">\r\n\t\t\t  \t<div class=\"about-four__left\"><div class=\"about-four__image-second\"><div class=\"content-inner\">\t\t  <a href=\"https:\/\/gaviaspreview.com\/wp\/qizon\/about\/\">\r\n\t\t\t <img decoding=\"async\" src=\"https:\/\/gaviaspreview.com\/wp\/qizon\/wp-content\/uploads\/2022\/12\/image-07.jpg\" alt=\"\" \/>\t\t  <\/a>\r\n\t\t  <\/div><\/div><\/div><div class=\"about-four__right\"><div class=\"about-four__image\"><div class=\"content-inner\">\t\t  <a href=\"https:\/\/gaviaspreview.com\/wp\/qizon\/about\/\">\r\n\t\t\t <img decoding=\"async\" src=\"https:\/\/gaviaspreview.com\/wp\/qizon\/wp-content\/uploads\/2022\/12\/image-06.jpg\" alt=\"\" \/>\t\t  <\/a>\r\n\t\t  <\/div><\/div><\/div>\t\t\t<\/div>\t\r\n\t\t<\/div>\r\n\t \r\n  \r\n \r\n\r\n  \r\n \r\n\r\n <\/div>\t\t\t\t<\/div>\n\t\t\t\t<\/div>\n\t\t\t\t<div class=\"elementor-element elementor-element-2c29b7ab elementor-widget elementor-widget-text-editor\" data-id=\"2c29b7ab\" data-element_type=\"widget\" data-widget_type=\"text-editor.default\">\n\t\t\t\t<div class=\"elementor-widget-container\">\n\t\t\t\t\t\t\t\t\t<div class=\"main-content\"><div class=\"sfContentBlock\"><h4 style=\"box-sizing: border-box; margin-top: 15px; margin-bottom: 20px; font-family: var(--qizon-heading-font-family); font-weight: 600; line-height: 1.22; color: var(--e-global-color-accent); font-size: 1.25rem;\"><span style=\"color: var(--e-global-color-accent); font-family: var(--qizon-heading-font-family); font-size: 1.25rem;\">TASLAK BA\u015eVURU FORMLARI:<\/span><\/h4><div class=\"main-content\" style=\"color: #848493; font-size: 16px; font-weight: 300; letter-spacing: normal;\"><div class=\"sfContentBlock\"><div><p>Taslak haldeki ba\u015fvuru formlar\u0131 haz\u0131rl\u0131k a\u015famas\u0131nda bir \u00f6n bilgi alabilmeniz i\u00e7in a\u015fa\u011f\u0131da verilmi\u015ftir.<\/p><p><a class=\"link\" href=\"http:\/\/ec.europa.eu\/programmes\/erasmus-plus\/documents\/form\/youth_mobility_en.pdf\" target=\"_blank\" rel=\"noopener\">\u00d6\u011frenme Hareketlilikleri Ba\u015fvuru Formu (554 kb)<\/a><br \/>(\u00d6\u011frenme Hareketlilikleri: Gen\u00e7lik De\u011fi\u015fimleri, Avrupa G\u00f6n\u00fcll\u00fc Hizmeti ve Gen\u00e7lik \u00c7al\u0131\u015fanlar\u0131n\u0131n Hareketlili\u011fi)<a id=\"section_2\" name=\"section_2\"><\/a><\/p><p><a class=\"link\" href=\"http:\/\/ec.europa.eu\/programmes\/erasmus-plus\/documents\/form\/strategic_partnerhips_youth_en.pdf\" target=\"_blank\" rel=\"noopener\">Stratejik Ortakl\u0131klar Ba\u015fvuru Formu (552 kB)<\/a><\/p><p><a id=\"section_3\" name=\"section_3\"><\/a><\/p><p><a class=\"link\" href=\"http:\/\/ec.europa.eu\/programmes\/erasmus-plus\/documents\/form\/dialogue_young_people_policy_makers_en.pdf\" target=\"_blank\" rel=\"noopener\">Yap\u0131land\u0131r\u0131lm\u0131\u015f Diyalog Ba\u015fvuru Formu (548 kB)<\/a><\/p><p><span style=\"font-weight: bolder;\"><br \/>Dikkat:\u00a0<\/span>Hen\u00fcz Erasmus+ T\u00fcrk\u00e7e ba\u015fvuru formlar\u0131 yay\u0131nlanmam\u0131\u015ft\u0131r.<\/p><\/div><div>Yeni programda baz\u0131 proje tiplerinde proje yaln\u0131zca ba\u015fvuran orta\u011f\u0131n de\u011fil, herhangi bir orta\u011f\u0131n \u00fclkesinde olabilecek, ortak \u00fclkelerle do\u011frudan projeler m\u00fcmk\u00fcn olabilecek ve seyahat masraflar\u0131 kilometre aral\u0131klar\u0131na g\u00f6re belirlenmi\u015f sabit miktarlar \u00fczerinden hesaplanacakt\u0131r. Program rehberinde ilgilendi\u011finiz faaliyet tipine ait kurallar\u0131 inceleyebilirsiniz. \u0130lk ba\u015fvuru tarihi \u00f6ncesi ba\u015fvuru yapmaya haz\u0131r hale gelebilmek i\u00e7in internet sitemizi haftada en az bir kez ziyaret etti\u011finizden emin olman\u0131z\u0131 \u00f6neriyoruz. Sizleri internet sitemizi t\u00fcm b\u00f6l\u00fcmleriyle incelemeye davet ediyoruz. Ba\u015far\u0131lar!<\/div><\/div><\/div><p style=\"color: #848493; font-size: 16px; font-weight: 300; letter-spacing: normal;\">Bu sayfadaki bilgiler T\u00fcrkiye Ulusal Ajans\u0131 Resmi Web Sitesinden al\u0131nm\u0131\u015ft\u0131r. Daha ayr\u0131nt\u0131l\u0131 bilgi i\u00e7in<a href=\"http:\/\/www.ua.gov.tr\/programlar\/erasmus-program%C4%B1\/gen%C3%A7lik-program%C4%B1\" target=\"_blank\" rel=\"noopener\">\u00a0adresini\u00a0<\/a>ziyaret edebilirsiniz.<\/p><\/div><\/div>\t\t\t\t\t\t\t\t<\/div>\n\t\t\t\t<\/div>\n\t\t\t\t\t<\/div>\n\t\t<\/div>\n\t\t\t\t<div class=\"elementor-column elementor-col-50 elementor-top-column elementor-element elementor-element-1bbb7e84\" data-id=\"1bbb7e84\" data-element_type=\"column\">\n\t\t\t<div class=\"elementor-widget-wrap elementor-element-populated\">\n\t\t\t\t\t\t<div class=\"elementor-element elementor-element-de1555c elementor-widget elementor-widget-text-editor\" data-id=\"de1555c\" data-element_type=\"widget\" data-widget_type=\"text-editor.default\">\n\t\t\t\t<div class=\"elementor-widget-container\">\n\t\t\t\t\t\t\t\t\t<h3>Erasmus+ Gen\u00e7lik Program\u0131 Nedir?<\/h3>\t\t\t\t\t\t\t\t<\/div>\n\t\t\t\t<\/div>\n\t\t\t\t<div class=\"elementor-element elementor-element-18bcd832 elementor-widget elementor-widget-text-editor\" data-id=\"18bcd832\" data-element_type=\"widget\" data-widget_type=\"text-editor.default\">\n\t\t\t\t<div class=\"elementor-widget-container\">\n\t\t\t\t\t\t\t\t\t<div class=\"main-content\"><div class=\"sfContentBlock\"><div class=\"main-content\"><div class=\"sfContentBlock\"><div class=\"flex max-w-full flex-col flex-grow\"><div class=\"min-h-8 text-message flex w-full flex-col items-end gap-2 whitespace-normal break-words [.text-message+&amp;]:mt-5\" dir=\"auto\" data-message-author-role=\"assistant\" data-message-id=\"7bb0ce4a-4790-4c01-abf4-24f812258bd9\" data-message-model-slug=\"gpt-4o-mini\"><div class=\"flex w-full flex-col gap-1 empty:hidden first:pt-[3px]\"><div class=\"markdown prose w-full break-words dark:prose-invert light\"><p><strong>Erasmus+ Program\u0131 Nedir?<\/strong><\/p><p>Erasmus+ Program\u0131, Avrupa Birli\u011fi taraf\u0131ndan 2021-2027 y\u0131llar\u0131 aras\u0131nda e\u011fitim ve gen\u00e7lik alan\u0131nda sunulan yeni bir inisiyatiftir. Bu program, daha \u00f6nceki Hayatboyu \u00d6\u011frenme ve Gen\u00e7lik Programlar\u0131 gibi \u00e7e\u015fitli f\u0131rsatlar\u0131 birle\u015ftirerek, her ya\u015ftan ve her sekt\u00f6rden insanlara Avrupa&#8217;da \u00e7e\u015fitli f\u0131rsatlar sunmay\u0131 ama\u00e7lamaktad\u0131r. Gen\u00e7ler ve gen\u00e7lik alan\u0131nda \u00e7al\u0131\u015fanlar i\u00e7in bir\u00e7ok projeye kat\u0131lma imk\u00e2n\u0131 sa\u011flamaktad\u0131r. Ayr\u0131ca, Erasmus+ Gen\u00e7lik Program\u0131na kat\u0131lmak i\u00e7in yabanc\u0131 dil bilmek zorunlu de\u011fildir.<\/p><h3>Neler Yap\u0131labilir?<\/h3><p><strong>Bireysel F\u0131rsatlar:<\/strong> Gen\u00e7ler, yurt i\u00e7indeki ve yurtd\u0131\u015f\u0131ndaki e\u011fitim faaliyetlerine kat\u0131labilir, Avrupa G\u00f6n\u00fcll\u00fc Hizmeti yapabilir ya da di\u011fer kurulu\u015flar\u0131n projelerine kat\u0131labilirler.<\/p><p><strong>Gen\u00e7lik Gruplar\u0131 i\u00e7in F\u0131rsatlar:<\/strong> Kendi projenizi olu\u015fturmak istiyorsan\u0131z, en az d\u00f6rt ki\u015filik bir grup kurarak ba\u015fvurabilirsiniz. Cinsiyet dengesi sa\u011flamaya \u00e7al\u0131\u015farak, ortaklar\u0131n\u0131z\u0131 bulup projenizi haz\u0131rlay\u0131n.<\/p><p><strong>T\u00fczel Ki\u015filikler i\u00e7in F\u0131rsatlar:<\/strong> Sivil toplum kurulu\u015flar\u0131, kamu kurumlar\u0131 ve sosyal sorumluluk projelerinde yer alan kurulu\u015flar, gen\u00e7ler ve gen\u00e7lik \u00e7al\u0131\u015fanlar\u0131 i\u00e7in \u00e7e\u015fitli projeler geli\u015ftirebilir ve ba\u015fvuruda bulunabilir.<\/p><h3>Erasmus+ Gen\u00e7lik Program\u0131 Kapsam\u0131ndaki Faaliyetler<\/h3><ol><li><p><strong>Ana Eylem 1 (AE1): Bireylerin \u00d6\u011frenme Hareketlili\u011fi<\/strong><\/p><ul><li>Gen\u00e7lik De\u011fi\u015fimleri<\/li><li>Avrupa G\u00f6n\u00fcll\u00fc Hizmeti<\/li><li>Gen\u00e7lik \u00c7al\u0131\u015fanlar\u0131n\u0131n Hareketlili\u011fi<\/li><\/ul><\/li><li><p><strong>Ana Eylem 2 (AE2): Yenilik ve \u0130yi Uygulamalar\u0131n De\u011fi\u015fimi \u0130\u00e7in \u0130\u015fbirli\u011fi<\/strong><\/p><ul><li>Stratejik Ortakl\u0131klar<\/li><\/ul><\/li><li><p><strong>Ana Eylem 3 (AE3): Politika Reformlar\u0131 i\u00e7in Destek<\/strong><\/p><ul><li>Yap\u0131land\u0131r\u0131lm\u0131\u015f Diyalog: Gen\u00e7ler ve Karar Al\u0131c\u0131lar Aras\u0131nda Toplant\u0131lar<\/li><\/ul><\/li><li><p><strong>Merkezi Faaliyetler:<\/strong><\/p><ul><li>B\u00fcy\u00fck \u00d6l\u00e7ekli Avrupa G\u00f6n\u00fcll\u00fc Hizmeti Etkinlikleri<\/li><li>Gen\u00e7lik Alan\u0131nda Kapasite Geli\u015ftirme<\/li><li>Di\u011fer Merkezi Faaliyetler<\/li><\/ul><\/li><\/ol><p>Proje haz\u0131rlamay\u0131 \u00f6\u011frenmek ve yayg\u0131n e\u011fitim deneyimi kazanmak isteyen gen\u00e7ler, internet sitemizde duyurulan \u00fccretsiz e\u011fitimlere kat\u0131labilirler. Ayr\u0131ca, yurtd\u0131\u015f\u0131 e\u011fitimler ve seminerler i\u00e7in \u0130ngilizce bilen gen\u00e7ler ba\u015fvuruda bulunabilirler.<\/p><h3>Daha Fazla Bilgi<\/h3><p>Erasmus+ Program Rehberi ve di\u011fer kaynaklar i\u00e7in <a href=\"https:\/\/ec.europa.eu\/programmes\/erasmus-plus\/\" target=\"_new\" rel=\"noopener\">Erasmus+ resmi web sitesine<\/a> g\u00f6z atabilirsiniz.<\/p><\/div><\/div><\/div><\/div><div class=\"mb-2 flex gap-3 empty:hidden -ml-2\"><div class=\"items-center justify-start rounded-xl p-1 flex\"><div class=\"flex items-center\"><button class=\"rounded-lg text-token-text-secondary hover:bg-token-main-surface-secondary\" aria-label=\"Read aloud\" data-testid=\"voice-play-turn-action-button\"><\/button><button class=\"rounded-lg text-token-text-secondary hover:bg-token-main-surface-secondary\" aria-label=\"Kopyala\" data-testid=\"copy-turn-action-button\"><\/button><div class=\"flex\">\u00a0<\/div><div class=\"flex items-center pb-0\"><span class=\"overflow-hidden text-clip whitespace-nowrap text-sm\">4o mini<\/span><\/div><\/div><\/div><\/div><\/div><\/div><\/div><\/div>\t\t\t\t\t\t\t\t<\/div>\n\t\t\t\t<\/div>\n\t\t\t\t\t<\/div>\n\t\t<\/div>\n\t\t\t\t\t<\/div>\n\t\t<\/section>\n\t\t\t\t<\/div>\n\t\t","protected":false},"excerpt":{"rendered":"<p>TASLAK BA\u015eVURU FORMLARI: Taslak haldeki ba\u015fvuru formlar\u0131 haz\u0131rl\u0131k a\u015famas\u0131nda bir \u00f6n bilgi alabilmeniz i\u00e7in a\u015fa\u011f\u0131da verilmi\u015ftir. \u00d6\u011frenme Hareketlilikleri Ba\u015fvuru Formu (554 kb)(\u00d6\u011frenme Hareketlilikleri: Gen\u00e7lik De\u011fi\u015fimleri, Avrupa G\u00f6n\u00fcll\u00fc Hizmeti ve Gen\u00e7lik [&hellip;]<\/p>\n","protected":false},"author":1,"featured_media":0,"parent":0,"menu_order":0,"comment_status":"closed","ping_status":"closed","template":"","meta":{"footnotes":""},"class_list":["post-565","page","type-page","status-publish","hentry"],"wpcf_dashboard":"<div class=\"woocommerce\"><div class=\"woocommerce-info\">Please log in first? <a class=\"wpneoShowLogin\" href=\"#\">Click here to login<\/a><\/div><div class=\"wpneo_login_form_div\" style=\"display: none;\"><form name=\"loginform\" id=\"loginform\" action=\"https:\/\/projepartneri.com\/wp-login.php\" method=\"post\"><p class=\"login-username\">\n\t\t\t\t<label for=\"user_login\">Kullan\u0131c\u0131 ad\u0131 ya da e-posta adresi<\/label>\n\t\t\t\t<input type=\"text\" name=\"log\" id=\"user_login\" autocomplete=\"username\" class=\"input\" value=\"\" size=\"20\" \/>\n\t\t\t<\/p><p class=\"login-password\">\n\t\t\t\t<label for=\"user_pass\">Parola<\/label>\n\t\t\t\t<input type=\"password\" name=\"pwd\" id=\"user_pass\" autocomplete=\"current-password\" spellcheck=\"false\" class=\"input\" value=\"\" size=\"20\" \/>\n\t\t\t<\/p><p class=\"login-remember\"><label><input name=\"rememberme\" type=\"checkbox\" id=\"rememberme\" value=\"forever\" \/> Beni hat\u0131rla<\/label><\/p><p class=\"login-submit\">\n\t\t\t\t<input type=\"submit\" name=\"wp-submit\" id=\"wp-submit\" class=\"button button-primary\" value=\"Oturum a\u00e7\" \/>\n\t\t\t\t<input type=\"hidden\" name=\"redirect_to\" value=\"https:\/\/projepartneri.com\/index.php?rest_route=%2Fwp%2Fv2%2Fpages%2F565\" \/>\n\t\t\t<\/p><\/form><\/div><\/div>","_links":{"self":[{"href":"https:\/\/projepartneri.com\/index.php?rest_route=\/wp\/v2\/pages\/565","targetHints":{"allow":["GET"]}}],"collection":[{"href":"https:\/\/projepartneri.com\/index.php?rest_route=\/wp\/v2\/pages"}],"about":[{"href":"https:\/\/projepartneri.com\/index.php?rest_route=\/wp\/v2\/types\/page"}],"author":[{"embeddable":true,"href":"https:\/\/projepartneri.com\/index.php?rest_route=\/wp\/v2\/users\/1"}],"replies":[{"embeddable":true,"href":"https:\/\/projepartneri.com\/index.php?rest_route=%2Fwp%2Fv2%2Fcomments&post=565"}],"version-history":[{"count":10,"href":"https:\/\/projepartneri.com\/index.php?rest_route=\/wp\/v2\/pages\/565\/revisions"}],"predecessor-version":[{"id":793,"href":"https:\/\/projepartneri.com\/index.php?rest_route=\/wp\/v2\/pages\/565\/revisions\/793"}],"wp:attachment":[{"href":"https:\/\/projepartneri.com\/index.php?rest_route=%2Fwp%2Fv2%2Fmedia&parent=565"}],"curies":[{"name":"wp","href":"https:\/\/api.w.org\/{rel}","templated":true}]}}