{"id":614,"date":"2024-10-08T21:55:12","date_gmt":"2024-10-08T21:55:12","guid":{"rendered":"https:\/\/projepartneri.com\/?page_id=614"},"modified":"2024-10-25T06:35:23","modified_gmt":"2024-10-25T06:35:23","slug":"avrupada-nasil-proje-ortagi-bulurum","status":"publish","type":"page","link":"https:\/\/projepartneri.com\/?page_id=614","title":{"rendered":"Avrupa`da Nas\u0131l Proje Orta\u011f\u0131 Bulurum?"},"content":{"rendered":"\t\t<div data-elementor-type=\"wp-page\" data-elementor-id=\"614\" class=\"elementor elementor-614\">\n\t\t\t\t\t\t<section class=\"elementor-section elementor-top-section elementor-element elementor-element-2b1240ea elementor-section-boxed elementor-section-height-default elementor-section-height-default\" data-id=\"2b1240ea\" data-element_type=\"section\">\n\t\t\t\t\t\t<div class=\"elementor-container elementor-column-gap-default\">\n\t\t\t\t\t<div class=\"elementor-column elementor-col-50 elementor-top-column elementor-element elementor-element-fca19f7\" data-id=\"fca19f7\" data-element_type=\"column\">\n\t\t\t<div class=\"elementor-widget-wrap elementor-element-populated\">\n\t\t\t\t\t\t<div class=\"elementor-element elementor-element-11d9131c elementor-widget elementor-widget-gva-image-content\" data-id=\"11d9131c\" data-element_type=\"widget\" data-widget_type=\"gva-image-content.default\">\n\t\t\t\t<div class=\"elementor-widget-container\">\n\t\t\t\t\t<div class=\"gva-element-gva-image-content gva-element\">\t\t\r\n\t  \r\n\t \r\n\r\n\t \r\n\r\n\t \r\n\r\n\t\t\t<div class=\"about-four__single\">\r\n\t\t\t<div class=\"about-four__wrap\">\r\n\t\t\t  \t<div class=\"about-four__left\"><div class=\"about-four__image-second\"><div class=\"content-inner\">\t\t  <a href=\"https:\/\/gaviaspreview.com\/wp\/qizon\/about\/\">\r\n\t\t\t <img decoding=\"async\" src=\"https:\/\/gaviaspreview.com\/wp\/qizon\/wp-content\/uploads\/2022\/12\/image-07.jpg\" alt=\"\" \/>\t\t  <\/a>\r\n\t\t  <\/div><\/div><\/div><div class=\"about-four__right\"><div class=\"about-four__image\"><div class=\"content-inner\">\t\t  <a href=\"https:\/\/gaviaspreview.com\/wp\/qizon\/about\/\">\r\n\t\t\t <img decoding=\"async\" src=\"https:\/\/gaviaspreview.com\/wp\/qizon\/wp-content\/uploads\/2022\/12\/image-06.jpg\" alt=\"\" \/>\t\t  <\/a>\r\n\t\t  <\/div><\/div><\/div>\t\t\t<\/div>\t\r\n\t\t<\/div>\r\n\t \r\n  \r\n \r\n\r\n  \r\n \r\n\r\n <\/div>\t\t\t\t<\/div>\n\t\t\t\t<\/div>\n\t\t\t\t\t<\/div>\n\t\t<\/div>\n\t\t\t\t<div class=\"elementor-column elementor-col-50 elementor-top-column elementor-element elementor-element-19f7c628\" data-id=\"19f7c628\" data-element_type=\"column\">\n\t\t\t<div class=\"elementor-widget-wrap elementor-element-populated\">\n\t\t\t\t\t\t<div class=\"elementor-element elementor-element-66d6a141 elementor-widget elementor-widget-text-editor\" data-id=\"66d6a141\" data-element_type=\"widget\" data-widget_type=\"text-editor.default\">\n\t\t\t\t<div class=\"elementor-widget-container\">\n\t\t\t\t\t\t\t\t\t<div class=\"main-content\"><div class=\"sfContentBlock\"><p>Erasmus+ Program\u0131&#8217;nda en zor a\u015fama, Avrupa\u2019da projenize uygun bir ortak bulmakt\u0131r. Uygun partner bulunamad\u0131\u011f\u0131 veya mevcut partner uygun olmad\u0131\u011f\u0131nda, projeler T\u00fcrkiye Ulusal Ajans\u0131 taraf\u0131ndan reddedilebilmektedir. \u015eirketimiz, proje kabul s\u00fcrecinde ihtiya\u00e7 duyan kurum ve kurulu\u015flara bu en kritik noktada destek sa\u011flamaktad\u0131r.<\/p><p>\u0130lk olarak, projeyi yazan kurumla proje detayl\u0131 bir \u015fekilde analiz edilmekte; bu a\u015famada hareketlilik faaliyetleri belirlenmekte ve gerekirse projeye ek puan kazand\u0131racak \u00f6neriler sunulmaktad\u0131r.<\/p><p>Projeyi detayland\u0131rd\u0131ktan sonra ortak arama s\u00fcreci ba\u015flamaktad\u0131r. Bu s\u00fcre\u00e7, orta\u011f\u0131n kurumsall\u0131\u011f\u0131 ve proje yap\u0131lacak \u00fclke say\u0131s\u0131na g\u00f6re ortalama 1-2 hafta s\u00fcrmektedir.<\/p><p>Proje ortaklar\u0131 belirlendikten sonra, koordinasyon ve gerekli PIC numaras\u0131 gibi i\u015flemler \u015firketimizce sa\u011flanmaktad\u0131r. Yard\u0131ma ihtiya\u00e7 duyan kurumlar\u0131n linkteki formu doldurmas\u0131, <strong><a rel=\"noopener\">info@projepartneri.com<\/a><\/strong> adresine e-posta g\u00f6ndermesi veya <strong>+39 350 045 7638<\/strong> numaral\u0131 WhatsApp hatt\u0131m\u0131za mesaj g\u00f6ndermesi yeterlidir.<\/p><\/div><\/div>\t\t\t\t\t\t\t\t<\/div>\n\t\t\t\t<\/div>\n\t\t\t\t\t<\/div>\n\t\t<\/div>\n\t\t\t\t\t<\/div>\n\t\t<\/section>\n\t\t\t\t<\/div>\n\t\t","protected":false},"excerpt":{"rendered":"<p>Erasmus+ Program\u0131&#8217;nda en zor a\u015fama, Avrupa\u2019da projenize uygun bir ortak bulmakt\u0131r. Uygun partner bulunamad\u0131\u011f\u0131 veya mevcut partner uygun olmad\u0131\u011f\u0131nda, projeler T\u00fcrkiye Ulusal Ajans\u0131 taraf\u0131ndan reddedilebilmektedir. \u015eirketimiz, proje kabul s\u00fcrecinde ihtiya\u00e7 [&hellip;]<\/p>\n","protected":false},"author":1,"featured_media":0,"parent":0,"menu_order":0,"comment_status":"closed","ping_status":"closed","template":"","meta":{"footnotes":""},"class_list":["post-614","page","type-page","status-publish","hentry"],"wpcf_dashboard":"<div class=\"woocommerce\"><div class=\"woocommerce-info\">Please log in first? <a class=\"wpneoShowLogin\" href=\"#\">Click here to login<\/a><\/div><div class=\"wpneo_login_form_div\" style=\"display: none;\"><form name=\"loginform\" id=\"loginform\" action=\"https:\/\/projepartneri.com\/wp-login.php\" method=\"post\"><p class=\"login-username\">\n\t\t\t\t<label for=\"user_login\">Kullan\u0131c\u0131 ad\u0131 ya da e-posta adresi<\/label>\n\t\t\t\t<input type=\"text\" name=\"log\" id=\"user_login\" autocomplete=\"username\" class=\"input\" value=\"\" size=\"20\" \/>\n\t\t\t<\/p><p class=\"login-password\">\n\t\t\t\t<label for=\"user_pass\">Parola<\/label>\n\t\t\t\t<input type=\"password\" name=\"pwd\" id=\"user_pass\" autocomplete=\"current-password\" spellcheck=\"false\" class=\"input\" value=\"\" size=\"20\" \/>\n\t\t\t<\/p><p class=\"login-remember\"><label><input name=\"rememberme\" type=\"checkbox\" id=\"rememberme\" value=\"forever\" \/> Beni hat\u0131rla<\/label><\/p><p class=\"login-submit\">\n\t\t\t\t<input type=\"submit\" name=\"wp-submit\" id=\"wp-submit\" class=\"button button-primary\" value=\"Oturum a\u00e7\" \/>\n\t\t\t\t<input type=\"hidden\" name=\"redirect_to\" value=\"https:\/\/projepartneri.com\/index.php?rest_route=%2Fwp%2Fv2%2Fpages%2F614\" \/>\n\t\t\t<\/p><\/form><\/div><\/div>","_links":{"self":[{"href":"https:\/\/projepartneri.com\/index.php?rest_route=\/wp\/v2\/pages\/614","targetHints":{"allow":["GET"]}}],"collection":[{"href":"https:\/\/projepartneri.com\/index.php?rest_route=\/wp\/v2\/pages"}],"about":[{"href":"https:\/\/projepartneri.com\/index.php?rest_route=\/wp\/v2\/types\/page"}],"author":[{"embeddable":true,"href":"https:\/\/projepartneri.com\/index.php?rest_route=\/wp\/v2\/users\/1"}],"replies":[{"embeddable":true,"href":"https:\/\/projepartneri.com\/index.php?rest_route=%2Fwp%2Fv2%2Fcomments&post=614"}],"version-history":[{"count":7,"href":"https:\/\/projepartneri.com\/index.php?rest_route=\/wp\/v2\/pages\/614\/revisions"}],"predecessor-version":[{"id":731,"href":"https:\/\/projepartneri.com\/index.php?rest_route=\/wp\/v2\/pages\/614\/revisions\/731"}],"wp:attachment":[{"href":"https:\/\/projepartneri.com\/index.php?rest_route=%2Fwp%2Fv2%2Fmedia&parent=614"}],"curies":[{"name":"wp","href":"https:\/\/api.w.org\/{rel}","templated":true}]}}