{"id":649,"date":"2024-10-08T22:34:25","date_gmt":"2024-10-08T22:34:25","guid":{"rendered":"https:\/\/projepartneri.com\/?page_id=649"},"modified":"2024-10-25T07:21:03","modified_gmt":"2024-10-25T07:21:03","slug":"hizmetlerimiz","status":"publish","type":"page","link":"https:\/\/projepartneri.com\/?page_id=649","title":{"rendered":"Hizmetlerimiz"},"content":{"rendered":"\t\t<div data-elementor-type=\"wp-page\" data-elementor-id=\"649\" class=\"elementor elementor-649\">\n\t\t\t\t\t\t<section class=\"elementor-section elementor-top-section elementor-element elementor-element-69dd973 elementor-section-boxed elementor-section-height-default elementor-section-height-default\" data-id=\"69dd973\" data-element_type=\"section\" data-settings=\"{&quot;background_background&quot;:&quot;classic&quot;}\">\n\t\t\t\t\t\t<div class=\"elementor-container elementor-column-gap-default\">\n\t\t\t\t\t<div class=\"elementor-column elementor-col-100 elementor-top-column elementor-element elementor-element-d5af6ec\" data-id=\"d5af6ec\" data-element_type=\"column\">\n\t\t\t<div class=\"elementor-widget-wrap elementor-element-populated\">\n\t\t\t\t\t\t<div class=\"elementor-element elementor-element-59e8ff0a elementor-widget elementor-widget-gva-heading-block\" data-id=\"59e8ff0a\" data-element_type=\"widget\" data-settings=\"{&quot;_animation&quot;:&quot;none&quot;}\" data-widget_type=\"gva-heading-block.default\">\n\t\t\t\t<div class=\"elementor-widget-container\">\n\t\t\t\t\t<div class=\"gva-element-gva-heading-block gva-element\">   <div class=\"align-center style-1 widget gsc-heading box-align-center auto-responsive\">\r\n      <div class=\"content-inner\">\r\n         \r\n                  \r\n           \r\n         \r\n                     <h2 class=\"title\">\r\n               <span>Hizmetlerimiz<\/span>\r\n            <\/h2>\r\n                  \r\n         \r\n         \r\n      <\/div>\r\n   <\/div>\r\n<\/div>\t\t\t\t<\/div>\n\t\t\t\t<\/div>\n\t\t\t\t<div class=\"elementor-element elementor-element-3cc4ba0 elementor-widget elementor-widget-text-editor\" data-id=\"3cc4ba0\" data-element_type=\"widget\" data-widget_type=\"text-editor.default\">\n\t\t\t\t<div class=\"elementor-widget-container\">\n\t\t\t\t\t\t\t\t\t<p><strong>Proje Haz\u0131rl\u0131k Evresinde:<\/strong><br \/>&#8211; Avrupa\u2019da al\u0131c\u0131 ve ortak kurumlar\u0131n bulunmas\u0131<br \/>&#8211; Al\u0131c\u0131 ve ortak kurumlarla ileti\u015fim, gerekli belgelerin temini<\/p><p><strong>Proje Yap\u0131m Esnas\u0131nda:<\/strong><br \/>&#8211; Havaalan\u0131 transferi<br \/>&#8211; Konaklama ve yemek hizmetleri<br \/>&#8211; Projenin kusursuz y\u00fcr\u00fcmesi i\u00e7in operasyonel ve teknik destek<br \/>&#8211; Proje s\u00fcrecinde rehberlik ve terc\u00fcmanl\u0131k hizmetleri<br \/>&#8211; K\u00fclt\u00fcrel ve turistik geziler<br \/>&#8211; Proje yap\u0131lan \u00fclke d\u0131\u015f\u0131na opsiyonel geziler<br \/>&#8211; Acil durumlarda sa\u011fl\u0131k hizmetleri<\/p><p><strong>Di\u011fer Hizmetlerimiz:<\/strong><br \/>&#8211; Tur organizasyonlar\u0131<br \/>&#8211; Staj imkanlar\u0131<br \/>&#8211; Karde\u015f okul hizmetleri<br \/>&#8211; Spor organizasyonlar\u0131<br \/>&#8211; K\u00fclt\u00fcrel ve turistik geziler<\/p><ul><li><strong>E\u011fitim ve At\u00f6lye Programlar\u0131:<\/strong> Kurumlar i\u00e7in \u00f6zel e\u011fitim ve at\u00f6lye \u00e7al\u0131\u015fmalar\u0131 d\u00fczenlemek.<\/li><li><strong>Sanal ve Fiziksel Etkinlik Y\u00f6netimi:<\/strong> Seminerler, konferanslar ve fuarlar\u0131n organizasyonu.<\/li><li><strong>Proje De\u011ferlendirme ve Raporlama Hizmetleri:<\/strong> Projelerin sonu\u00e7lar\u0131n\u0131 de\u011ferlendirmek ve raporlamak.<\/li><li><strong>Yerel Tedarik\u00e7ilerle \u0130\u015fbirli\u011fi:<\/strong> Yerel hizmet sa\u011flay\u0131c\u0131lar\u0131yla i\u015fbirli\u011fi yaparak destek sunmak.<\/li><li><strong>Mentorluk Programlar\u0131:<\/strong> Kurumlar\u0131n geli\u015fimine y\u00f6nelik mentorluk deste\u011fi sa\u011flamak.<\/li><li><strong>Pazarlama ve \u0130leti\u015fim Stratejileri:<\/strong> Projelerin tan\u0131t\u0131m\u0131 i\u00e7in pazarlama ve ileti\u015fim hizmetleri.<\/li><li><strong>A\u011f Olu\u015fturma Etkinlikleri:<\/strong> Kurumlar aras\u0131nda ba\u011flant\u0131lar kurmak i\u00e7in sosyal etkinlikler d\u00fczenlemek.<\/li><li><strong>Proje Y\u00f6netim Dan\u0131\u015fmanl\u0131\u011f\u0131:<\/strong> Proje y\u00f6netimi s\u00fcre\u00e7lerinde rehberlik ve destek sa\u011flamak.<\/li><\/ul><p><strong>\u0130talya\u2019da Hizmetlerimiz:<\/strong><br \/>Avusturya ve \u0130talya\u2019da geni\u015f kapsaml\u0131 operasyonel destek sa\u011fl\u0131yoruz. \u0130talya\u2019daki projelerde, proje orta\u011f\u0131 temininden rehberlik ve organizasyonel hizmetlere kadar tam destek sunarak projelerin eksiksiz y\u00fcr\u00fcmesi sa\u011flanmaktad\u0131r.<\/p><p><strong>Not:<\/strong>\u00a0\u015eirketimiz, Avrupa Birli\u011fi taraf\u0131ndan sa\u011flanan harc\u0131rahlar d\u0131\u015f\u0131nda ek bir <strong>\u00dcCRET TALEP ETMEMEKTED\u0130R.<\/strong><\/p>\t\t\t\t\t\t\t\t<\/div>\n\t\t\t\t<\/div>\n\t\t\t\t\t<\/div>\n\t\t<\/div>\n\t\t\t\t\t<\/div>\n\t\t<\/section>\n\t\t\t\t<\/div>\n\t\t","protected":false},"excerpt":{"rendered":"<p>Hizmetlerimiz Proje Haz\u0131rl\u0131k Evresinde:&#8211; Avrupa\u2019da al\u0131c\u0131 ve ortak kurumlar\u0131n bulunmas\u0131&#8211; Al\u0131c\u0131 ve ortak kurumlarla ileti\u015fim, gerekli belgelerin temini Proje Yap\u0131m Esnas\u0131nda:&#8211; Havaalan\u0131 transferi&#8211; Konaklama ve yemek hizmetleri&#8211; Projenin kusursuz y\u00fcr\u00fcmesi [&hellip;]<\/p>\n","protected":false},"author":1,"featured_media":0,"parent":0,"menu_order":0,"comment_status":"closed","ping_status":"closed","template":"","meta":{"footnotes":""},"class_list":["post-649","page","type-page","status-publish","hentry"],"wpcf_dashboard":"<div class=\"woocommerce\"><div class=\"woocommerce-info\">Please log in first? <a class=\"wpneoShowLogin\" href=\"#\">Click here to login<\/a><\/div><div class=\"wpneo_login_form_div\" style=\"display: none;\"><form name=\"loginform\" id=\"loginform\" action=\"https:\/\/projepartneri.com\/wp-login.php\" method=\"post\"><p class=\"login-username\">\n\t\t\t\t<label for=\"user_login\">Kullan\u0131c\u0131 ad\u0131 ya da e-posta adresi<\/label>\n\t\t\t\t<input type=\"text\" name=\"log\" id=\"user_login\" autocomplete=\"username\" class=\"input\" value=\"\" size=\"20\" \/>\n\t\t\t<\/p><p class=\"login-password\">\n\t\t\t\t<label for=\"user_pass\">Parola<\/label>\n\t\t\t\t<input type=\"password\" name=\"pwd\" id=\"user_pass\" autocomplete=\"current-password\" spellcheck=\"false\" class=\"input\" value=\"\" size=\"20\" \/>\n\t\t\t<\/p><p class=\"login-remember\"><label><input name=\"rememberme\" type=\"checkbox\" id=\"rememberme\" value=\"forever\" \/> Beni hat\u0131rla<\/label><\/p><p class=\"login-submit\">\n\t\t\t\t<input type=\"submit\" name=\"wp-submit\" id=\"wp-submit\" class=\"button button-primary\" value=\"Oturum a\u00e7\" \/>\n\t\t\t\t<input type=\"hidden\" name=\"redirect_to\" value=\"https:\/\/projepartneri.com\/index.php?rest_route=%2Fwp%2Fv2%2Fpages%2F649\" \/>\n\t\t\t<\/p><\/form><\/div><\/div>","_links":{"self":[{"href":"https:\/\/projepartneri.com\/index.php?rest_route=\/wp\/v2\/pages\/649","targetHints":{"allow":["GET"]}}],"collection":[{"href":"https:\/\/projepartneri.com\/index.php?rest_route=\/wp\/v2\/pages"}],"about":[{"href":"https:\/\/projepartneri.com\/index.php?rest_route=\/wp\/v2\/types\/page"}],"author":[{"embeddable":true,"href":"https:\/\/projepartneri.com\/index.php?rest_route=\/wp\/v2\/users\/1"}],"replies":[{"embeddable":true,"href":"https:\/\/projepartneri.com\/index.php?rest_route=%2Fwp%2Fv2%2Fcomments&post=649"}],"version-history":[{"count":16,"href":"https:\/\/projepartneri.com\/index.php?rest_route=\/wp\/v2\/pages\/649\/revisions"}],"predecessor-version":[{"id":760,"href":"https:\/\/projepartneri.com\/index.php?rest_route=\/wp\/v2\/pages\/649\/revisions\/760"}],"wp:attachment":[{"href":"https:\/\/projepartneri.com\/index.php?rest_route=%2Fwp%2Fv2%2Fmedia&parent=649"}],"curies":[{"name":"wp","href":"https:\/\/api.w.org\/{rel}","templated":true}]}}